798899 prime?
True
Is 368818 prime?
False
Is 18199 a prime number?
True
Is 3415 prime?
False
Is 1651 a composite number?
True
Is 1338973 a prime number?
False
Is 26293 composite?
False
Is 315057 prime?
False
Is 108098 prime?
False
Is 5731 a prime number?
False
Is 28961 a prime number?
True
Is 2120017 prime?
True
Is 54163 a composite number?
False
Is 222374 prime?
False
Is 32561 a composite number?
False
Is 148945 prime?
False
Is 8141 a prime number?
False
Is 6389 prime?
True
Is 13499 a prime number?
True
Is 219481 a composite number?
True
Is 2978767 a prime number?
False
Is 3953 composite?
True
Is 1759981 a prime number?
False
Is 276073 a composite number?
True
Is 1289071 a prime number?
False
Is 5479 a prime number?
True
Is 93511 composite?
True
Is 441139 prime?
False
Is 311951 a composite number?
False
Is 254 a composite number?
True
Is 8209 a composite number?
False
Is 809689 a prime number?
False
Is 16495 a prime number?
False
Is 136087 composite?
True
Is 156007 a prime number?
True
Is 7789 a composite number?
False
Is 138053 a prime number?
True
Is 46622 prime?
False
Is 12577 prime?
True
Is 511261 a composite number?
False
Is 3935 composite?
True
Is 36293 a prime number?
True
Is 233437 a composite number?
False
Is 57221 composite?
False
Is 10529 a prime number?
True
Is 132877 prime?
False
Is 214495 composite?
True
Is 324043 prime?
False
Is 1343 a composite number?
True
Is 7617 a composite number?
True
Is 40813 a composite number?
False
Is 19534 prime?
False
Is 44789 prime?
True
Is 58727 composite?
False
Is 15493 a prime number?
True
Is 285997 composite?
False
Is 315373 composite?
False
Is 9897 prime?
False
Is 1481 prime?
True
Is 587 composite?
False
Is 10327 a composite number?
True
Is 63445 composite?
True
Is 51749 composite?
False
Is 18637 a prime number?
True
Is 2033 composite?
True
Is 346 a composite number?
True
Is 449213 prime?
False
Is 32815 composite?
True
Is 37607 composite?
False
Is 3119 a prime number?
True
Is 2554 composite?
True
Is 15545 composite?
True
Is 8903 a composite number?
True
Is 194777 a prime number?
False
Is 90161 a prime number?
False
Is 62243 composite?
True
Is 28729 a composite number?
False
Is 350101 prime?
False
Is 48835 composite?
True
Is 279707 a composite number?
False
Is 936151 composite?
False
Is 17133 prime?
False
Is 510481 composite?
False
Is 16729 prime?
True
Is 18931 a prime number?
False
Is 6711 a prime number?
False
Is 51217 composite?
False
Is 165071 composite?
True
Is 665129 composite?
True
Is 105505 a prime number?
False
Is 524341 composite?
False
Is 62851 prime?
True
Is 166781 composite?
False
Is 411721 a prime number?
True
Is 14543 a composite number?
False
Is 416761 composite?
False
Is 83903 composite?
False
Is 4672241 a prime number?
False
Is 144877 composite?
True
Is 682657 prime?
True
Is 221489 a prime number?
True
Is 9957 a prime number?
False
Is 4181 prime?
False
Is 39815 a composite number?
True
Is 517 composite?
True
Is 750829 a composite number?
False
Is 29903 composite?
True
Is 2437 composite?
False
Is 56561 composite?
True
Is 14909 composite?
True
Is 12077 composite?
True
Is 675877 a composite number?
False
Is 274087 a prime number?
False
Is 2819 prime?
True
Is 39679 a composite number?
False
Is 61615 prime?
False
Is 10559 a prime number?
True
Is 159143 a composite number?
True
Is 112449 composite?
True
Is 4721 prime?
True
Is 28061 a composite number?
True
Is 10119 prime?
False
Is 171863 prime?
True
Is 14143 composite?
False
Is 1799185 prime?
False
Is 936901 prime?
False
Is 83659 prime?
False
Is 13901 a composite number?
False
Is 3503 composite?
True
Is 77951 a prime number?
True
Is 93441 a composite number?
True
Is 509482 a prime number?
False
Is 517102 a composite number?
True
Is 44949 a composite number?
True
Is 901 prime?
False
Is 120539 a composite number?
False
Is 1632997 composite?
False
Is 524791 a prime number?
False
Is 44359 a prime number?
False
Is 794177 prime?
False
Is 23549 a prime number?
True
Is 9491 composite?
False
Is 1399 a prime number?
True
Is 125863 a composite number?
False
Is 10357 prime?
True
Is 418279 prime?
True
Is 16597 a composite number?
True
Is 27193 prime?
False
Is 14401 composite?
False
Is 918257 composite?
False
Is 292159 prime?
False
Is 4645 prime?
False
Is 288947 composite?
False
Is 4751 a prime number?
True
Is 14695 a composite number?
True
Is 596143 a prime number?
True
Is 2273771 a composite number?
False
Is 65089 prime?
True
Is 18155 prime?
False
Is 3213687 prime?
False
Is 8929 a prime number?
True
Is 85737 a prime number?
False
Is 552883 a prime number?
True
Is 3563 a composite number?
True
Is 961931 composite?
True
Is 17165 composite?
True
Is 3433 a prime number?
True
Is 7571 composite?
True
Is 277079 composite?
True
Is 460531 prime?
True
Is 61639 composite?
True
Is 5489 a composite number?
True
Is 181361 prime?
True
Is 65771 a prime number?
False
Is 631 a prime number?
True
Is 2623 a composite number?
True
Is 521 a composite number?
False
Is 116713 prime?
False
Is 1383341 a prime number?
False
Is 479993 a composite number?
True
Is 1801 a composite number?
False
Is 11013 prime?
False
Is 157467 prime?
False
Is 1003 a composite number?
True
Is 5349 a composite number?
True
Is 3547 prime?
True
Is 104827 a composite number?
False
Is 143687 a composite number?
False
Is 112963 a composite number?
True
Is 6469 a prime number?
True
Is 18431 composite?
True
Is 6998 prime?
False
Is 27361 composite?
False
Is 36217 prime?
True
Is 18982 a prime number?
False
Is 3251 a prime number?
True
Is 11459 composite?
True
Is 16661 prime?
True
Is 4981 a composite number?
True
Is 127241 a composite number?
False
Is 817721 a prime number?
True
Is 25177 a prime number?
False
Is 876181 a composite number?
False
Is 145193 a prime number?
True
Is 4835 composite?
True
Is 1438793 a composite number?
False
Is 1657 prime?
True
Is 117295 composite?
True
Is 1143193 a prime number?
True
Is 3063 a composite number?
True
Is 323 a composite number?
True
Is 312269 a composite number?
False
Is 4987 a prime number?
True
Is 166909 composite?
False
Is 468021 prime?
False
Is 217873 a composite number?
True
Is 11741 a prime number?
False
Is 4811 a composite number?
True
Is 1661 prime?
False
Is 161693 a prime number?
False
Is 5557 prime?
True
Is 450277 composite?
False
Is 103817 prime?
False
Is 7411 a prime number?
True
Is 8914 a prime number?
False
Is 1360189 composite?
False
Is 107513 a prime number?
False
Is 11197 prime?
True
Is 161201 a prime number?
True
Is 387061 prime?
False
Is 1310867 prime?
False
Is 17257 a composite number?
False
Is 78082 composite?
True
Is 15245 prime?
False
Is 1605961 composite?
True
Is 26851 a composite number?
True
Is 153059 a prime number?
True
Is 669 a composite number?
True
Is 9502 a prime number?
False
Is 32849 a composite number?
True
Is 1473 prime?
False
Is 6159 a prime number?
False
Is 293 a composite number?
False
Is 147517 prime?
True
Is 20851 a prime number?
False
Is 44839 prime?
True
Is 109157 prime?
False
Is 1371079 a composite number?
False
Is 18413 prime?
True
Is 9601 a prime number?
True
Is 26777 a composite number?
False
Is 149603 composite?
False
Is 10711 a prime number?
True
Is 18589 composite?
True
Is 602431 composite?
False
Is 103333 composite?
False
Is 758073 a prime number?
False
Is 80609 a prime number?
False
Is 12151 a composite number?
True
Is 66459 a composite number?
True
Is 13829 a prime number?
True
Is 649561 composite?
True
Is 18041 a composite number?
False
Is 2188681 composite?
True
Is 242297 prime?
False
Is 14513 composite?
True
Is 139391 a prime number?
False
Is 30403 a composite number?
False
Is 36463 a prime number?
False
Is 31991 prime?
True
Is 2788133 a composite number?
False
Is 4327 composite?
False
Is 3251 composite?
False
Is 286279 a composite number?
True
Is 177 composite?
True
Is 921 composite?
True
Is 65986 a composite number?
True
Is 4946 prime?
False
Is 266281 a prime number?
True
Is 12409 a prime number?
True
Is 30749 prime?
False
Is 29113 a prime number?
False
Is 19478 prime?
False
Is 284003 a composite number?
False
Is 921 prime?
False
Is 17137 composite?
False
Is 13997 a composite number?
False
Is 76579 composite?
False
Is 15811 prime?
False
Is 13319 a prime number?
False
Is 491 composite?
False
Is 211 p